{"id":2579,"date":"2026-04-06T19:58:48","date_gmt":"2026-04-06T17:58:48","guid":{"rendered":"https:\/\/ortesis.pl\/?post_type=product&#038;p=2579"},"modified":"2026-04-06T20:06:55","modified_gmt":"2026-04-06T18:06:55","slug":"norsan-omega-3-fisk-150-ml-plynny-olej-dla-dzieci","status":"publish","type":"product","link":"https:\/\/ortesis.pl\/?product=norsan-omega-3-fisk-150-ml-plynny-olej-dla-dzieci","title":{"rendered":"Norsan Omega-3 FISK (150 ml) | P\u0142ynny Olej dla Dzieci"},"content":{"rendered":"<h3 data-path-to-node=\"8\"><b data-path-to-node=\"8\" data-index-in-node=\"0\">Dlaczego dzieci potrzebuj\u0105 Omega-3 FISK?<\/b><\/h3>\n<p data-path-to-node=\"9\">W okresie intensywnego wzrostu zapotrzebowanie na kwasy t\u0142uszczowe Omega-3 jest ogromne. Niestety, dieta wsp\u00f3\u0142czesnych dzieci rzadko dostarcza odpowiedni\u0105 ilo\u015b\u0107 t\u0142ustych ryb morskich. <b data-path-to-node=\"9\" data-index-in-node=\"184\">NORSAN FISK<\/b> wype\u0142nia t\u0119 luk\u0119, dostarczaj\u0105c kluczowe sk\u0142adniki budulcowe w formie, kt\u00f3r\u0105 dzieci uwielbiaj\u0105.<\/p>\n<h3 data-path-to-node=\"10\"><b data-path-to-node=\"10\" data-index-in-node=\"0\">Inwestycja w przysz\u0142o\u015b\u0107 Twojego dziecka<\/b><\/h3>\n<p data-path-to-node=\"11\">W <b data-path-to-node=\"11\" data-index-in-node=\"2\">Ortesis.pl<\/b> wiemy, \u017ce zdrowy rozw\u00f3j zaczyna si\u0119 od fundament\u00f3w. Olej FISK wspiera organizm dziecka na wielu poziomach:<\/p>\n<ul data-path-to-node=\"12\">\n<li>\n<p data-path-to-node=\"12,0,0\"><b data-path-to-node=\"12,0,0\" data-index-in-node=\"0\">M\u00f3zg i wzrok:<\/b> Kwas DHA jest g\u0142\u00f3wnym budulcem kory m\u00f3zgowej i siatk\u00f3wki oka. Wspomaga procesy zapami\u0119tywania i ostro\u015b\u0107 widzenia.<\/p>\n<\/li>\n<li>\n<p data-path-to-node=\"12,1,0\"><b data-path-to-node=\"12,1,0\" data-index-in-node=\"0\">Odporno\u015b\u0107:<\/b> Regularna suplementacja pomaga budowa\u0107 naturaln\u0105 barier\u0119 ochronn\u0105 organizmu, szczeg\u00f3lnie wa\u017cn\u0105 w sezonie infekcyjnym.<\/p>\n<\/li>\n<li>\n<p data-path-to-node=\"12,2,0\"><b data-path-to-node=\"12,2,0\" data-index-in-node=\"0\">Budowa ko\u015b\u0107ca:<\/b> Zawarty w oleju tran dostarcza naturalnej witaminy A, kt\u00f3ra wspiera regeneracj\u0119 i wzrost tkanek.<\/p>\n<\/li>\n<\/ul>\n<h3 data-path-to-node=\"13\"><b data-path-to-node=\"13\" data-index-in-node=\"0\">Pyszny smak, zero problem\u00f3w<\/b><\/h3>\n<p data-path-to-node=\"14\">Najwi\u0119ksz\u0105 barier\u0105 w podawaniu tranu dzieciom jest jego smak. NORSAN rozwi\u0105za\u0142 ten problem \u2013 dzi\u0119ki wyj\u0105tkowej \u015bwie\u017co\u015bci oleju oraz dodatkowi naturalnego aromatu pomara\u0144czowego, olej FISK smakuje jak owocowy dodatek. Mo\u017cna go podawa\u0107 prosto z \u0142y\u017ceczki lub doda\u0107 do jogurtu, owsianki czy soku.<\/p>\n<hr data-path-to-node=\"15\" \/>\n<h3 data-path-to-node=\"16\"><b data-path-to-node=\"16\" data-index-in-node=\"0\">Warto\u015bci od\u017cywcze i dawkowanie (w 5 ml)<\/b><\/h3>\n<table data-path-to-node=\"17\">\n<thead>\n<tr>\n<td><strong>Sk\u0142adnik<\/strong><\/td>\n<td><strong>Ilo\u015b\u0107 w porcji (5 ml \/ 1 \u0142y\u017ceczka)<\/strong><\/td>\n<\/tr>\n<\/thead>\n<tbody>\n<tr>\n<td><span data-path-to-node=\"17,1,0,0\"><b data-path-to-node=\"17,1,0,0\" data-index-in-node=\"0\">Mieszanka olej\u00f3w rybnych<\/b><\/span><\/td>\n<td><span data-path-to-node=\"17,1,1,0\"><b data-path-to-node=\"17,1,1,0\" data-index-in-node=\"0\">4,6 g<\/b><\/span><\/td>\n<\/tr>\n<tr>\n<td><span data-path-to-node=\"17,2,0,0\"><b data-path-to-node=\"17,2,0,0\" data-index-in-node=\"0\">Suma kwas\u00f3w Omega-3<\/b><\/span><\/td>\n<td><span data-path-to-node=\"17,2,1,0\"><b data-path-to-node=\"17,2,1,0\" data-index-in-node=\"0\">1120 mg<\/b><\/span><\/td>\n<\/tr>\n<tr>\n<td><span data-path-to-node=\"17,3,0,0\">\u2014 w tym EPA<\/span><\/td>\n<td><span data-path-to-node=\"17,3,1,0\">450 mg<\/span><\/td>\n<\/tr>\n<tr>\n<td><span data-path-to-node=\"17,4,0,0\">\u2014 w tym DHA<\/span><\/td>\n<td><span data-path-to-node=\"17,4,1,0\">450 mg<\/span><\/td>\n<\/tr>\n<tr>\n<td><span data-path-to-node=\"17,5,0,0\"><b data-path-to-node=\"17,5,0,0\" data-index-in-node=\"0\">Witamina E<\/b><\/span><\/td>\n<td><span data-path-to-node=\"17,5,1,0\"><b data-path-to-node=\"17,5,1,0\" data-index-in-node=\"0\">3,6 mg<\/b><\/span><\/td>\n<\/tr>\n<\/tbody>\n<\/table>\n<p data-path-to-node=\"18\"><b data-path-to-node=\"18\" data-index-in-node=\"0\">Dawkowanie zale\u017cne od wieku:<\/b><\/p>\n<ul data-path-to-node=\"19\">\n<li>\n<p data-path-to-node=\"19,0,0\">Dzieci poni\u017cej 2 lat: co drugi dzie\u0144 2,5 ml (ok. 1\/2 \u0142y\u017ceczki).<\/p>\n<\/li>\n<li>\n<p data-path-to-node=\"19,1,0\">Dzieci 2\u20136 lat: 2,5 ml dziennie (ok. 1\/2 \u0142y\u017ceczki).<\/p>\n<\/li>\n<li>\n<p data-path-to-node=\"19,2,0\">Dzieci powy\u017cej 6 lat: 5 ml dziennie (1 \u0142y\u017ceczka).<\/p>\n<\/li>\n<\/ul>\n<p data-path-to-node=\"20\"><b data-path-to-node=\"20\" data-index-in-node=\"0\">Sk\u0142ad:<\/b> Naturalny olej rybny (z dzikich ryb), naturalny olej z dorsza (z dzikiego po\u0142owu arktycznego), olej z oliwek, aromat pomara\u0144czowy, mieszanina tokoferoli (witamina E).<\/p>\n","protected":false},"excerpt":{"rendered":"<p data-path-to-node=\"3\"><b data-path-to-node=\"3\" data-index-in-node=\"0\">NORSAN Omega-3 FISK (150 ml) \u2013 Owocowa moc Omega-3 dla najm\u0142odszych<\/b><\/p>\n<p data-path-to-node=\"4\">P\u0142ynny olej stworzony specjalnie dla dzieci, \u0142\u0105cz\u0105cy najwy\u017csz\u0105 czysto\u015b\u0107 z pysznym smakiem. Unikalna kompozycja krystalicznie czystego tranu z dorsza oraz oleju z ryb morskich zapewnia optymaln\u0105 dawk\u0119 kwas\u00f3w EPA i DHA, niezb\u0119dnych dla rozwoju m\u00f3zgu, wzroku i odporno\u015bci Twojej pociechy.<\/p>\n<ul data-path-to-node=\"5\">\n<li>\n<p data-path-to-node=\"5,0,0\"><b data-path-to-node=\"5,0,0\" data-index-in-node=\"0\">1120 mg Omega-3<\/b> w jednej porcji (5 ml).<\/p>\n<\/li>\n<li>\n<p data-path-to-node=\"5,1,0\"><b data-path-to-node=\"5,1,0\" data-index-in-node=\"0\">Pyszny, owocowy smak:<\/b> Naturalny aromat pomara\u0144czowy \u2013 bez rybiego posmaku!<\/p>\n<\/li>\n<li>\n<p data-path-to-node=\"5,2,0\"><b data-path-to-node=\"5,2,0\" data-index-in-node=\"0\">Wsparcie rozwoju:<\/b> Wysoka zawarto\u015b\u0107 DHA dla sprawnej nauki i koncentracji.<\/p>\n<\/li>\n<li>\n<p data-path-to-node=\"5,3,0\"><b data-path-to-node=\"5,3,0\" data-index-in-node=\"0\">Czysto\u015b\u0107 i \u015bwie\u017co\u015b\u0107:<\/b> Bardzo niski wska\u017anik TOTOX gwarantuje najwy\u017csz\u0105 jako\u015b\u0107.<\/p>\n<\/li>\n<li>\n<p data-path-to-node=\"5,4,0\"><b data-path-to-node=\"5,4,0\" data-index-in-node=\"0\">Sk\u0142ad 100% naturalny:<\/b> Bez sztucznych dodatk\u00f3w i konserwant\u00f3w.<\/p>\n<\/li>\n<\/ul>\n<p data-path-to-node=\"4\">i.<\/p>\n<p><img fetchpriority=\"high\" decoding=\"async\" class=\"size-medium wp-image-2564\" src=\"https:\/\/ortesis.pl\/wp-content\/uploads\/2026\/04\/kwasy-omega-3-norsan-olej-200-ml--300x190.webp\" alt=\"\" width=\"300\" height=\"190\" srcset=\"https:\/\/ortesis.pl\/wp-content\/uploads\/2026\/04\/kwasy-omega-3-norsan-olej-200-ml--300x190.webp 300w, https:\/\/ortesis.pl\/wp-content\/uploads\/2026\/04\/kwasy-omega-3-norsan-olej-200-ml--1024x647.webp 1024w, https:\/\/ortesis.pl\/wp-content\/uploads\/2026\/04\/kwasy-omega-3-norsan-olej-200-ml--768x485.webp 768w, https:\/\/ortesis.pl\/wp-content\/uploads\/2026\/04\/kwasy-omega-3-norsan-olej-200-ml--1000x632.webp 1000w, https:\/\/ortesis.pl\/wp-content\/uploads\/2026\/04\/kwasy-omega-3-norsan-olej-200-ml-.webp 1421w\" sizes=\"(max-width: 300px) 100vw, 300px\" \/><\/p>\n","protected":false},"featured_media":2580,"template":"","meta":{"site-sidebar-layout":"default","site-content-layout":"","ast-site-content-layout":"default","site-content-style":"default","site-sidebar-style":"default","ast-global-header-display":"","ast-banner-title-visibility":"","ast-main-header-display":"","ast-hfb-above-header-display":"","ast-hfb-below-header-display":"","ast-hfb-mobile-header-display":"","site-post-title":"","ast-breadcrumbs-content":"","ast-featured-img":"","footer-sml-layout":"","ast-disable-related-posts":"","theme-transparent-header-meta":"default","adv-header-id-meta":"","stick-header-meta":"","header-above-stick-meta":"","header-main-stick-meta":"","header-below-stick-meta":"","astra-migrate-meta-layouts":"set","ast-page-background-enabled":"default","ast-page-background-meta":{"desktop":{"background-color":"var(--ast-global-color-4)","background-image":"","background-repeat":"repeat","background-position":"center center","background-size":"auto","background-attachment":"scroll","background-type":"","background-media":"","overlay-type":"","overlay-color":"","overlay-opacity":"","overlay-gradient":""},"tablet":{"background-color":"","background-image":"","background-repeat":"repeat","background-position":"center center","background-size":"auto","background-attachment":"scroll","background-type":"","background-media":"","overlay-type":"","overlay-color":"","overlay-opacity":"","overlay-gradient":""},"mobile":{"background-color":"","background-image":"","background-repeat":"repeat","background-position":"center center","background-size":"auto","background-attachment":"scroll","background-type":"","background-media":"","overlay-type":"","overlay-color":"","overlay-opacity":"","overlay-gradient":""}},"ast-content-background-meta":{"desktop":{"background-color":"var(--ast-global-color-5)","background-image":"","background-repeat":"repeat","background-position":"center center","background-size":"auto","background-attachment":"scroll","background-type":"","background-media":"","overlay-type":"","overlay-color":"","overlay-opacity":"","overlay-gradient":""},"tablet":{"background-color":"var(--ast-global-color-5)","background-image":"","background-repeat":"repeat","background-position":"center center","background-size":"auto","background-attachment":"scroll","background-type":"","background-media":"","overlay-type":"","overlay-color":"","overlay-opacity":"","overlay-gradient":""},"mobile":{"background-color":"var(--ast-global-color-5)","background-image":"","background-repeat":"repeat","background-position":"center center","background-size":"auto","background-attachment":"scroll","background-type":"","background-media":"","overlay-type":"","overlay-color":"","overlay-opacity":"","overlay-gradient":""}}},"product_brand":[145],"product_cat":[144,87],"product_tag":[146],"class_list":{"0":"post-2579","1":"product","2":"type-product","3":"status-publish","4":"has-post-thumbnail","6":"product_brand-norsan","7":"product_cat-kwasy-omega-3-epa-dha-olej-rybi-suplementy-w-ortesis-pl","8":"product_cat-suplementy-na-stawy","9":"product_tag-kwasy-omega-3","10":"desktop-align-center","11":"tablet-align-left","12":"mobile-align-left","14":"first","15":"instock","16":"taxable","17":"shipping-taxable","18":"purchasable","19":"product-type-simple"},"yoast_head":"<!-- This site is optimized with the Yoast SEO plugin v27.4 - https:\/\/yoast.com\/product\/yoast-seo-wordpress\/ -->\n<title>Norsan Omega-3 FISK (150 ml) | P\u0142ynny Olej dla Dzieci - ortesis.pl<\/title>\n<meta name=\"description\" content=\"Pyszny olej Omega-3 dla dzieci o smaku pomara\u0144czowym. 1120 mg kwas\u00f3w EPA\/DHA w porcji. Bez rybiego posmaku! Wsparcie m\u00f3zgu i odporno\u015bci. Zam\u00f3w na Ortesis.pl\" \/>\n<meta name=\"robots\" content=\"index, follow, max-snippet:-1, max-image-preview:large, max-video-preview:-1\" \/>\n<link rel=\"canonical\" href=\"https:\/\/ortesis.pl\/?product=norsan-omega-3-fisk-150-ml-plynny-olej-dla-dzieci\" \/>\n<meta property=\"og:locale\" content=\"pl_PL\" \/>\n<meta property=\"og:type\" content=\"article\" \/>\n<meta property=\"og:title\" content=\"Norsan Omega-3 FISK (150 ml) | P\u0142ynny Olej dla Dzieci - ortesis.pl\" \/>\n<meta property=\"og:description\" content=\"Pyszny olej Omega-3 dla dzieci o smaku pomara\u0144czowym. 1120 mg kwas\u00f3w EPA\/DHA w porcji. Bez rybiego posmaku! Wsparcie m\u00f3zgu i odporno\u015bci. Zam\u00f3w na Ortesis.pl\" \/>\n<meta property=\"og:url\" content=\"https:\/\/ortesis.pl\/?product=norsan-omega-3-fisk-150-ml-plynny-olej-dla-dzieci\" \/>\n<meta property=\"og:site_name\" content=\"ortesis.pl\" \/>\n<meta property=\"article:modified_time\" content=\"2026-04-06T18:06:55+00:00\" \/>\n<meta property=\"og:image\" content=\"https:\/\/ortesis.pl\/wp-content\/uploads\/2026\/04\/omega-3-norsan-fisk-dla-dzieci-olej.webp\" \/>\n\t<meta property=\"og:image:width\" content=\"800\" \/>\n\t<meta property=\"og:image:height\" content=\"800\" \/>\n\t<meta property=\"og:image:type\" content=\"image\/webp\" \/>\n<meta name=\"twitter:card\" content=\"summary_large_image\" \/>\n<meta name=\"twitter:label1\" content=\"Szacowany czas czytania\" \/>\n\t<meta name=\"twitter:data1\" content=\"2 minuty\" \/>\n<script type=\"application\/ld+json\" class=\"yoast-schema-graph\">{\"@context\":\"https:\\\/\\\/schema.org\",\"@graph\":[{\"@type\":\"WebPage\",\"@id\":\"https:\\\/\\\/ortesis.pl\\\/?product=norsan-omega-3-fisk-150-ml-plynny-olej-dla-dzieci\",\"url\":\"https:\\\/\\\/ortesis.pl\\\/?product=norsan-omega-3-fisk-150-ml-plynny-olej-dla-dzieci\",\"name\":\"Norsan Omega-3 FISK (150 ml) | P\u0142ynny Olej dla Dzieci - ortesis.pl\",\"isPartOf\":{\"@id\":\"https:\\\/\\\/ortesis.pl\\\/#website\"},\"primaryImageOfPage\":{\"@id\":\"https:\\\/\\\/ortesis.pl\\\/?product=norsan-omega-3-fisk-150-ml-plynny-olej-dla-dzieci#primaryimage\"},\"image\":{\"@id\":\"https:\\\/\\\/ortesis.pl\\\/?product=norsan-omega-3-fisk-150-ml-plynny-olej-dla-dzieci#primaryimage\"},\"thumbnailUrl\":\"https:\\\/\\\/ortesis.pl\\\/wp-content\\\/uploads\\\/2026\\\/04\\\/omega-3-norsan-fisk-dla-dzieci-olej.webp\",\"datePublished\":\"2026-04-06T17:58:48+00:00\",\"dateModified\":\"2026-04-06T18:06:55+00:00\",\"description\":\"Pyszny olej Omega-3 dla dzieci o smaku pomara\u0144czowym. 1120 mg kwas\u00f3w EPA\\\/DHA w porcji. Bez rybiego posmaku! Wsparcie m\u00f3zgu i odporno\u015bci. Zam\u00f3w na Ortesis.pl\",\"breadcrumb\":{\"@id\":\"https:\\\/\\\/ortesis.pl\\\/?product=norsan-omega-3-fisk-150-ml-plynny-olej-dla-dzieci#breadcrumb\"},\"inLanguage\":\"pl-PL\",\"potentialAction\":[{\"@type\":\"ReadAction\",\"target\":[\"https:\\\/\\\/ortesis.pl\\\/?product=norsan-omega-3-fisk-150-ml-plynny-olej-dla-dzieci\"]}]},{\"@type\":\"ImageObject\",\"inLanguage\":\"pl-PL\",\"@id\":\"https:\\\/\\\/ortesis.pl\\\/?product=norsan-omega-3-fisk-150-ml-plynny-olej-dla-dzieci#primaryimage\",\"url\":\"https:\\\/\\\/ortesis.pl\\\/wp-content\\\/uploads\\\/2026\\\/04\\\/omega-3-norsan-fisk-dla-dzieci-olej.webp\",\"contentUrl\":\"https:\\\/\\\/ortesis.pl\\\/wp-content\\\/uploads\\\/2026\\\/04\\\/omega-3-norsan-fisk-dla-dzieci-olej.webp\",\"width\":800,\"height\":800,\"caption\":\"omega 3 norsan fisk dla dzieci olej\"},{\"@type\":\"BreadcrumbList\",\"@id\":\"https:\\\/\\\/ortesis.pl\\\/?product=norsan-omega-3-fisk-150-ml-plynny-olej-dla-dzieci#breadcrumb\",\"itemListElement\":[{\"@type\":\"ListItem\",\"position\":1,\"name\":\"Strona g\u0142\u00f3wna\",\"item\":\"https:\\\/\\\/ortesis.pl\\\/\"},{\"@type\":\"ListItem\",\"position\":2,\"name\":\"Sklep\",\"item\":\"https:\\\/\\\/ortesis.pl\\\/?page_id=977\"},{\"@type\":\"ListItem\",\"position\":3,\"name\":\"Norsan Omega-3 FISK (150 ml) | P\u0142ynny Olej dla Dzieci\"}]},{\"@type\":\"WebSite\",\"@id\":\"https:\\\/\\\/ortesis.pl\\\/#website\",\"url\":\"https:\\\/\\\/ortesis.pl\\\/\",\"name\":\"ortesis.pl\",\"description\":\"Sklep z zaopatrzeniem ortopedycznym, artyku\u0142ami medycznymi i suplementami\",\"publisher\":{\"@id\":\"https:\\\/\\\/ortesis.pl\\\/#organization\"},\"potentialAction\":[{\"@type\":\"SearchAction\",\"target\":{\"@type\":\"EntryPoint\",\"urlTemplate\":\"https:\\\/\\\/ortesis.pl\\\/?s={search_term_string}\"},\"query-input\":{\"@type\":\"PropertyValueSpecification\",\"valueRequired\":true,\"valueName\":\"search_term_string\"}}],\"inLanguage\":\"pl-PL\"},{\"@type\":\"Organization\",\"@id\":\"https:\\\/\\\/ortesis.pl\\\/#organization\",\"name\":\"ortesis.pl\",\"url\":\"https:\\\/\\\/ortesis.pl\\\/\",\"logo\":{\"@type\":\"ImageObject\",\"inLanguage\":\"pl-PL\",\"@id\":\"https:\\\/\\\/ortesis.pl\\\/#\\\/schema\\\/logo\\\/image\\\/\",\"url\":\"https:\\\/\\\/ortesis.pl\\\/wp-content\\\/uploads\\\/2022\\\/08\\\/cropped-We-live-free.-1.png\",\"contentUrl\":\"https:\\\/\\\/ortesis.pl\\\/wp-content\\\/uploads\\\/2022\\\/08\\\/cropped-We-live-free.-1.png\",\"width\":180,\"height\":60,\"caption\":\"ortesis.pl\"},\"image\":{\"@id\":\"https:\\\/\\\/ortesis.pl\\\/#\\\/schema\\\/logo\\\/image\\\/\"}}]}<\/script>\n<!-- \/ Yoast SEO plugin. -->","yoast_head_json":{"title":"Norsan Omega-3 FISK (150 ml) | P\u0142ynny Olej dla Dzieci - ortesis.pl","description":"Pyszny olej Omega-3 dla dzieci o smaku pomara\u0144czowym. 1120 mg kwas\u00f3w EPA\/DHA w porcji. Bez rybiego posmaku! Wsparcie m\u00f3zgu i odporno\u015bci. Zam\u00f3w na Ortesis.pl","robots":{"index":"index","follow":"follow","max-snippet":"max-snippet:-1","max-image-preview":"max-image-preview:large","max-video-preview":"max-video-preview:-1"},"canonical":"https:\/\/ortesis.pl\/?product=norsan-omega-3-fisk-150-ml-plynny-olej-dla-dzieci","og_locale":"pl_PL","og_type":"article","og_title":"Norsan Omega-3 FISK (150 ml) | P\u0142ynny Olej dla Dzieci - ortesis.pl","og_description":"Pyszny olej Omega-3 dla dzieci o smaku pomara\u0144czowym. 1120 mg kwas\u00f3w EPA\/DHA w porcji. Bez rybiego posmaku! Wsparcie m\u00f3zgu i odporno\u015bci. Zam\u00f3w na Ortesis.pl","og_url":"https:\/\/ortesis.pl\/?product=norsan-omega-3-fisk-150-ml-plynny-olej-dla-dzieci","og_site_name":"ortesis.pl","article_modified_time":"2026-04-06T18:06:55+00:00","og_image":[{"width":800,"height":800,"url":"https:\/\/ortesis.pl\/wp-content\/uploads\/2026\/04\/omega-3-norsan-fisk-dla-dzieci-olej.webp","type":"image\/webp"}],"twitter_card":"summary_large_image","twitter_misc":{"Szacowany czas czytania":"2 minuty"},"schema":{"@context":"https:\/\/schema.org","@graph":[{"@type":"WebPage","@id":"https:\/\/ortesis.pl\/?product=norsan-omega-3-fisk-150-ml-plynny-olej-dla-dzieci","url":"https:\/\/ortesis.pl\/?product=norsan-omega-3-fisk-150-ml-plynny-olej-dla-dzieci","name":"Norsan Omega-3 FISK (150 ml) | P\u0142ynny Olej dla Dzieci - ortesis.pl","isPartOf":{"@id":"https:\/\/ortesis.pl\/#website"},"primaryImageOfPage":{"@id":"https:\/\/ortesis.pl\/?product=norsan-omega-3-fisk-150-ml-plynny-olej-dla-dzieci#primaryimage"},"image":{"@id":"https:\/\/ortesis.pl\/?product=norsan-omega-3-fisk-150-ml-plynny-olej-dla-dzieci#primaryimage"},"thumbnailUrl":"https:\/\/ortesis.pl\/wp-content\/uploads\/2026\/04\/omega-3-norsan-fisk-dla-dzieci-olej.webp","datePublished":"2026-04-06T17:58:48+00:00","dateModified":"2026-04-06T18:06:55+00:00","description":"Pyszny olej Omega-3 dla dzieci o smaku pomara\u0144czowym. 1120 mg kwas\u00f3w EPA\/DHA w porcji. Bez rybiego posmaku! Wsparcie m\u00f3zgu i odporno\u015bci. Zam\u00f3w na Ortesis.pl","breadcrumb":{"@id":"https:\/\/ortesis.pl\/?product=norsan-omega-3-fisk-150-ml-plynny-olej-dla-dzieci#breadcrumb"},"inLanguage":"pl-PL","potentialAction":[{"@type":"ReadAction","target":["https:\/\/ortesis.pl\/?product=norsan-omega-3-fisk-150-ml-plynny-olej-dla-dzieci"]}]},{"@type":"ImageObject","inLanguage":"pl-PL","@id":"https:\/\/ortesis.pl\/?product=norsan-omega-3-fisk-150-ml-plynny-olej-dla-dzieci#primaryimage","url":"https:\/\/ortesis.pl\/wp-content\/uploads\/2026\/04\/omega-3-norsan-fisk-dla-dzieci-olej.webp","contentUrl":"https:\/\/ortesis.pl\/wp-content\/uploads\/2026\/04\/omega-3-norsan-fisk-dla-dzieci-olej.webp","width":800,"height":800,"caption":"omega 3 norsan fisk dla dzieci olej"},{"@type":"BreadcrumbList","@id":"https:\/\/ortesis.pl\/?product=norsan-omega-3-fisk-150-ml-plynny-olej-dla-dzieci#breadcrumb","itemListElement":[{"@type":"ListItem","position":1,"name":"Strona g\u0142\u00f3wna","item":"https:\/\/ortesis.pl\/"},{"@type":"ListItem","position":2,"name":"Sklep","item":"https:\/\/ortesis.pl\/?page_id=977"},{"@type":"ListItem","position":3,"name":"Norsan Omega-3 FISK (150 ml) | P\u0142ynny Olej dla Dzieci"}]},{"@type":"WebSite","@id":"https:\/\/ortesis.pl\/#website","url":"https:\/\/ortesis.pl\/","name":"ortesis.pl","description":"Sklep z zaopatrzeniem ortopedycznym, artyku\u0142ami medycznymi i suplementami","publisher":{"@id":"https:\/\/ortesis.pl\/#organization"},"potentialAction":[{"@type":"SearchAction","target":{"@type":"EntryPoint","urlTemplate":"https:\/\/ortesis.pl\/?s={search_term_string}"},"query-input":{"@type":"PropertyValueSpecification","valueRequired":true,"valueName":"search_term_string"}}],"inLanguage":"pl-PL"},{"@type":"Organization","@id":"https:\/\/ortesis.pl\/#organization","name":"ortesis.pl","url":"https:\/\/ortesis.pl\/","logo":{"@type":"ImageObject","inLanguage":"pl-PL","@id":"https:\/\/ortesis.pl\/#\/schema\/logo\/image\/","url":"https:\/\/ortesis.pl\/wp-content\/uploads\/2022\/08\/cropped-We-live-free.-1.png","contentUrl":"https:\/\/ortesis.pl\/wp-content\/uploads\/2022\/08\/cropped-We-live-free.-1.png","width":180,"height":60,"caption":"ortesis.pl"},"image":{"@id":"https:\/\/ortesis.pl\/#\/schema\/logo\/image\/"}}]}},"_links":{"self":[{"href":"https:\/\/ortesis.pl\/index.php?rest_route=\/wp\/v2\/product\/2579","targetHints":{"allow":["GET"]}}],"collection":[{"href":"https:\/\/ortesis.pl\/index.php?rest_route=\/wp\/v2\/product"}],"about":[{"href":"https:\/\/ortesis.pl\/index.php?rest_route=\/wp\/v2\/types\/product"}],"version-history":[{"count":1,"href":"https:\/\/ortesis.pl\/index.php?rest_route=\/wp\/v2\/product\/2579\/revisions"}],"predecessor-version":[{"id":2583,"href":"https:\/\/ortesis.pl\/index.php?rest_route=\/wp\/v2\/product\/2579\/revisions\/2583"}],"wp:featuredmedia":[{"embeddable":true,"href":"https:\/\/ortesis.pl\/index.php?rest_route=\/wp\/v2\/media\/2580"}],"wp:attachment":[{"href":"https:\/\/ortesis.pl\/index.php?rest_route=%2Fwp%2Fv2%2Fmedia&parent=2579"}],"wp:term":[{"taxonomy":"product_brand","embeddable":true,"href":"https:\/\/ortesis.pl\/index.php?rest_route=%2Fwp%2Fv2%2Fproduct_brand&post=2579"},{"taxonomy":"product_cat","embeddable":true,"href":"https:\/\/ortesis.pl\/index.php?rest_route=%2Fwp%2Fv2%2Fproduct_cat&post=2579"},{"taxonomy":"product_tag","embeddable":true,"href":"https:\/\/ortesis.pl\/index.php?rest_route=%2Fwp%2Fv2%2Fproduct_tag&post=2579"}],"curies":[{"name":"wp","href":"https:\/\/api.w.org\/{rel}","templated":true}]}}