{"id":1923,"date":"2024-11-12T20:38:12","date_gmt":"2024-11-12T19:38:12","guid":{"rendered":"https:\/\/ortesis.pl\/?post_type=product&#038;p=1923"},"modified":"2026-01-06T15:03:04","modified_gmt":"2026-01-06T14:03:04","slug":"orteza-rzepki-zwichniecie-boczne-przyparcie-niestabilnosc-nrx430-mediroyal","status":"publish","type":"product","link":"https:\/\/ortesis.pl\/?product=orteza-rzepki-zwichniecie-boczne-przyparcie-niestabilnosc-nrx430-mediroyal","title":{"rendered":"Orteza rzepki NRX430 Mediroyal"},"content":{"rendered":"<div class=\"flex-shrink-0 flex flex-col relative items-end\">\n<div>\n<div class=\"pt-0\">\n<div class=\"gizmo-bot-avatar flex h-8 w-8 items-center justify-center overflow-hidden rounded-full\">\n<div class=\"relative p-1 rounded-sm flex items-center justify-center bg-token-main-surface-primary text-token-text-primary h-8 w-8\"><span style=\"font-size: 16px;\">Orteza rzepki kolanowej NRX430 Mediroyal to kompaktowy i skuteczny stabilizator zaprojektowany z my\u015bl\u0105 o osobach zmagaj\u0105cych si\u0119 z subluksacj\u0105 rzepki. Dzi\u0119ki niskoprofilowej konstrukcji jest dyskretna i mo\u017ce by\u0107 noszona pod ubraniem, co zapewnia komfort w codziennym u\u017cytkowaniu.<\/span><\/div>\n<\/div>\n<\/div>\n<\/div>\n<\/div>\n<div class=\"group\/conversation-turn relative flex w-full min-w-0 flex-col agent-turn\">\n<div class=\"flex-col gap-1 md:gap-3\">\n<div class=\"flex max-w-full flex-col flex-grow\">\n<div class=\"min-h-8 text-message flex w-full flex-col items-end gap-2 whitespace-normal break-words text-start [.text-message+&amp;]:mt-5\" dir=\"auto\" data-message-author-role=\"assistant\" data-message-id=\"ac40e21c-723b-4b42-9855-517457791369\" data-message-model-slug=\"gpt-4o\">\n<div class=\"flex w-full flex-col gap-1 empty:hidden first:pt-[3px]\">\n<div class=\"markdown prose w-full break-words dark:prose-invert light\">\n<p>&nbsp;<\/p>\n<p><strong>Kluczowe cechy produktu:<\/strong><\/p>\n<ul>\n<li><strong>Dwustronny design:<\/strong> Orteza jest uniwersalna i mo\u017ce by\u0107 stosowana zar\u00f3wno na lewe, jak i prawe kolano. Wystarczy obr\u00f3ci\u0107 j\u0105 odpowiednio, aby dostosowa\u0107 do potrzeb u\u017cytkownika.<\/li>\n<li><strong>Anatomiczna pelota:<\/strong> Wbudowana pelota o sierpowatym kszta\u0142cie idealnie dopasowuje si\u0119 do bocznej kraw\u0119dzi rzepki, wspieraj\u0105c jej prawid\u0142owy tor ruchu i zapobiegaj\u0105c bocznemu przyparciu. Dodatkowo, pow\u0142oka z materia\u0142u o wysokiej przyczepno\u015bci zapobiega przesuwaniu si\u0119 ortezy podczas aktywno\u015bci.<\/li>\n<li><strong>Regulowane paski kompresyjne:<\/strong> Zintegrowane elastyczne paski umo\u017cliwiaj\u0105 precyzyjne dostosowanie si\u0142y nacisku na rzepk\u0119, co zwi\u0119ksza stabilizacj\u0119 i komfort noszenia.<\/li>\n<li><strong>Oddychaj\u0105cy materia\u0142:<\/strong> Obszar pod kolanem wykonany jest z materia\u0142u Neptune, kt\u00f3ry charakteryzuje si\u0119 wysok\u0105 oddychalno\u015bci\u0105, zapewniaj\u0105c optymalny komfort nawet podczas d\u0142ugotrwa\u0142ego noszenia.<\/li>\n<\/ul>\n<p><strong>Zastosowanie:<\/strong><\/p>\n<p>Orteza NRX430 jest rekomendowana w przypadkach:<\/p>\n<ul>\n<li>niestabilno\u015b\u0107 rzepki &#8211; subluksacja lub luksacji rzepki.<\/li>\n<li>Zespo\u0142u b\u00f3lu rzepkowo-udowego spowodowanego problemami z torem ruchu rzepk<\/li>\n<li>boczne przyparcie rzepki<\/li>\n<li>stany zapalne wi\u0119zad\u0142a rzepki<\/li>\n<li>przeci\u0105\u017cenia stawu rzepkowo-udowego<\/li>\n<\/ul>\n<p>Dok\u0142adne dopasowanie ortezy jest kluczowe dla zapewnienia optymalnego wsparcia i komfortu. Je\u015bli Tw\u00f3j pomiar znajduje si\u0119 pomi\u0119dzy dwoma rozmiarami, zaleca si\u0119 wyb\u00f3r wi\u0119kszego rozmiaru.<\/p>\n<p>Orteza NRX430 Mediroyal to idealne rozwi\u0105zanie dla os\u00f3b poszukuj\u0105cych dyskretnej, a jednocze\u015bnie efektywnej stabilizacji rzepki, kt\u00f3ra nie ogranicza swobody ruch\u00f3w i mo\u017ce by\u0107 noszona przez ca\u0142y dzie\u0144.<\/p>\n<\/div>\n<\/div>\n<\/div>\n<\/div>\n<\/div>\n<\/div>\n<div><\/div>\n<div><img fetchpriority=\"high\" decoding=\"async\" class=\"alignnone size-medium wp-image-1926\" src=\"https:\/\/ortesis.pl\/wp-content\/uploads\/2024\/11\/orteza-rzepki-niestabilnosc-kolana-300x269.jpg\" alt=\"\" width=\"300\" height=\"269\" srcset=\"https:\/\/ortesis.pl\/wp-content\/uploads\/2024\/11\/orteza-rzepki-niestabilnosc-kolana-300x269.jpg 300w, https:\/\/ortesis.pl\/wp-content\/uploads\/2024\/11\/orteza-rzepki-niestabilnosc-kolana-600x538.jpg 600w, https:\/\/ortesis.pl\/wp-content\/uploads\/2024\/11\/orteza-rzepki-niestabilnosc-kolana.jpg 700w\" sizes=\"(max-width: 300px) 100vw, 300px\" \/><\/div>\n<div><\/div>\n<section class=\"elementor-section elementor-top-section elementor-element elementor-element-cc3a8bd elementor-section-boxed elementor-section-height-default elementor-section-height-default\" data-id=\"cc3a8bd\" data-element_type=\"section\">\n<div class=\"elementor-container elementor-column-gap-default\">\n<div class=\"elementor-row\">\n<div class=\"elementor-column elementor-col-100 elementor-top-column elementor-element elementor-element-a5d8a60\" data-id=\"a5d8a60\" data-element_type=\"column\">\n<div class=\"elementor-column-wrap elementor-element-populated\">\n<div class=\"elementor-widget-wrap\">\n<div class=\"elementor-element elementor-element-d8ea94a elementor-widget elementor-widget-text-editor\" data-id=\"d8ea94a\" data-element_type=\"widget\" data-widget_type=\"text-editor.default\">\n<div class=\"elementor-widget-container\">\n<section class=\"elementor-section elementor-top-section elementor-element elementor-element-cc3a8bd elementor-section-boxed elementor-section-height-default elementor-section-height-default\" data-id=\"cc3a8bd\" data-element_type=\"section\">\n<div class=\"elementor-container elementor-column-gap-default\">\n<div class=\"elementor-row\">\n<div class=\"elementor-column elementor-col-100 elementor-top-column elementor-element elementor-element-a5d8a60\" data-id=\"a5d8a60\" data-element_type=\"column\">\n<div class=\"elementor-column-wrap elementor-element-populated\">\n<div class=\"elementor-widget-wrap\">\n<div class=\"elementor-element elementor-element-d8ea94a elementor-widget elementor-widget-text-editor\" data-id=\"d8ea94a\" data-element_type=\"widget\" data-widget_type=\"text-editor.default\">\n<h3>Cechy ortezy rzepki NRX430:<\/h3>\n<div class=\"elementor-widget-container\">\n<ul>\n<li><strong>podw\u00f3jny system zapi\u0119cia<\/strong>\u00a0&#8211; odpowiednio zaprojektowane pasy doci\u0105gowe umo\u017cliwiaj\u0105 dok\u0142adne dopasowanie ortezy oraz dwustopniow\u0105 regulacj\u0119 si\u0142y nacisku.<\/li>\n<li><strong>otwarta konstrukcja<\/strong>\u00a0&#8211; zapewnia \u0142atwe zak\u0142adanie i zdejmowanie. Orteza jest ca\u0142kowicie rozpinana. Aby j\u0105 za\u0142o\u017cy\u0107 wystarczy przy\u0142o\u017cy\u0107 rozwini\u0119t\u0105 opask\u0119 do kolana i zapi\u0105\u0107\u00a0rzepy.<\/li>\n<li><strong>p\u0142askie szwy<\/strong>\u00a0&#8211; s\u0105 delikatne dla sk\u00f3ry i niweluj\u0105 ryzyko podra\u017cnie\u0144.\u00a0Zapewniaj\u0105 Ci komfort noszenia ortezy.<\/li>\n<li><strong>mi\u0119kki materia\u0142 pod kolanem<\/strong>\u00a0&#8211; jest oddychaj\u0105cy i delikatny dla sk\u00f3ry. Gwarantuje komfort u\u017cytkowania nawet w upalne dni.<\/li>\n<li><strong>medial-lateral<\/strong>\u00a0&#8211; orteza mo\u017ce by\u0107 stosowana zar\u00f3wno w przypadku bocznego\u00a0jak i przy\u015brodkowego przyparcia\u00a0czy niestabilno\u015bci rzepki.<strong>\u00a0O sposobie noszenia opaski decyduje lekarz prowadz\u0105cy lub fizjoterapeuta.<\/strong><\/li>\n<li><strong>uniwersalno\u015b\u0107\u00a0<\/strong>&#8211; pasuje na praw\u0105 i na lew\u0105 nog\u0119.<\/li>\n<\/ul>\n<p><strong>Pami\u0119taj, aby noszenie ortezy i czas jej u\u017cytkowania\u00a0<\/strong><strong>zawsze skonsultowa\u0107 z lekarzem prowadz\u0105cym lub fizjoterapeut\u0105.<\/strong><\/p>\n<\/div>\n<\/div>\n<\/div>\n<\/div>\n<\/div>\n<\/div>\n<\/div>\n<\/section>\n<\/div>\n<\/div>\n<\/div>\n<\/div>\n<\/div>\n<\/div>\n<\/div>\n<\/section>\n","protected":false},"excerpt":{"rendered":"<p>Aby dobra\u0107 odpowiedni rozmiar, zmierz obw\u00f3d kolana na wysoko\u015bci \u015brodka rzepki.<\/p>\n<p><img decoding=\"async\" class=\"alignnone size-medium wp-image-2431\" src=\"https:\/\/ortesis.pl\/wp-content\/uploads\/2024\/11\/unnamed-1-e1767708175836-300x237.jpg\" alt=\"\" width=\"300\" height=\"237\" srcset=\"https:\/\/ortesis.pl\/wp-content\/uploads\/2024\/11\/unnamed-1-e1767708175836-300x237.jpg 300w, https:\/\/ortesis.pl\/wp-content\/uploads\/2024\/11\/unnamed-1-e1767708175836-768x608.jpg 768w, https:\/\/ortesis.pl\/wp-content\/uploads\/2024\/11\/unnamed-1-e1767708175836-1000x791.jpg 1000w, https:\/\/ortesis.pl\/wp-content\/uploads\/2024\/11\/unnamed-1-e1767708175836.jpg 1024w\" sizes=\"(max-width: 300px) 100vw, 300px\" \/><\/p>\n<table>\n<thead>\n<tr>\n<th>Rozmiar<\/th>\n<th>Obw\u00f3d kolana na wysoko\u015bci rzepki<\/th>\n<\/tr>\n<\/thead>\n<tbody>\n<tr>\n<td>XS<\/td>\n<td>29\u201332 cm<\/td>\n<\/tr>\n<tr>\n<td>S<\/td>\n<td>32\u201335 cm<\/td>\n<\/tr>\n<tr>\n<td>M<\/td>\n<td>35\u201338 cm<\/td>\n<\/tr>\n<tr>\n<td>L<\/td>\n<td>38\u201342 cm<\/td>\n<\/tr>\n<tr>\n<td>XL<\/td>\n<td>42\u201346 cm<\/td>\n<\/tr>\n<tr>\n<td>XXL<\/td>\n<td>46\u201350 cm<\/td>\n<\/tr>\n<\/tbody>\n<\/table>\n","protected":false},"featured_media":1927,"template":"","meta":{"site-sidebar-layout":"default","site-content-layout":"default","ast-site-content-layout":"default","site-content-style":"default","site-sidebar-style":"default","ast-global-header-display":"","ast-banner-title-visibility":"","ast-main-header-display":"","ast-hfb-above-header-display":"","ast-hfb-below-header-display":"","ast-hfb-mobile-header-display":"","site-post-title":"","ast-breadcrumbs-content":"","ast-featured-img":"","footer-sml-layout":"","ast-disable-related-posts":"","theme-transparent-header-meta":"default","adv-header-id-meta":"","stick-header-meta":"","header-above-stick-meta":"","header-main-stick-meta":"","header-below-stick-meta":"","astra-migrate-meta-layouts":"set","ast-page-background-enabled":"default","ast-page-background-meta":{"desktop":{"background-color":"var(--ast-global-color-4)","background-image":"","background-repeat":"repeat","background-position":"center center","background-size":"auto","background-attachment":"scroll","background-type":"","background-media":"","overlay-type":"","overlay-color":"","overlay-opacity":"","overlay-gradient":""},"tablet":{"background-color":"","background-image":"","background-repeat":"repeat","background-position":"center center","background-size":"auto","background-attachment":"scroll","background-type":"","background-media":"","overlay-type":"","overlay-color":"","overlay-opacity":"","overlay-gradient":""},"mobile":{"background-color":"","background-image":"","background-repeat":"repeat","background-position":"center center","background-size":"auto","background-attachment":"scroll","background-type":"","background-media":"","overlay-type":"","overlay-color":"","overlay-opacity":"","overlay-gradient":""}},"ast-content-background-meta":{"desktop":{"background-color":"var(--ast-global-color-5)","background-image":"","background-repeat":"repeat","background-position":"center center","background-size":"auto","background-attachment":"scroll","background-type":"","background-media":"","overlay-type":"","overlay-color":"","overlay-opacity":"","overlay-gradient":""},"tablet":{"background-color":"var(--ast-global-color-5)","background-image":"","background-repeat":"repeat","background-position":"center center","background-size":"auto","background-attachment":"scroll","background-type":"","background-media":"","overlay-type":"","overlay-color":"","overlay-opacity":"","overlay-gradient":""},"mobile":{"background-color":"var(--ast-global-color-5)","background-image":"","background-repeat":"repeat","background-position":"center center","background-size":"auto","background-attachment":"scroll","background-type":"","background-media":"","overlay-type":"","overlay-color":"","overlay-opacity":"","overlay-gradient":""}}},"product_brand":[],"product_cat":[24],"product_tag":[84,133,134],"class_list":{"0":"post-1923","1":"product","2":"type-product","3":"status-publish","4":"has-post-thumbnail","6":"product_cat-ortezy-kolana","7":"product_tag-niestabilnosc-rzepki","8":"product_tag-skrecenie-kolana","9":"product_tag-zwichniecie-rzepki","10":"desktop-align-center","11":"tablet-align-left","12":"mobile-align-left","14":"first","15":"instock","16":"taxable","17":"shipping-taxable","18":"purchasable","19":"product-type-variable","20":"has-default-attributes"},"yoast_head":"<!-- This site is optimized with the Yoast SEO plugin v27.4 - https:\/\/yoast.com\/product\/yoast-seo-wordpress\/ -->\n<title>Orteza rzepki NRX430 Mediroyal - ortesis.pl<\/title>\n<meta name=\"robots\" content=\"index, follow, max-snippet:-1, max-image-preview:large, max-video-preview:-1\" \/>\n<link rel=\"canonical\" href=\"https:\/\/ortesis.pl\/?product=orteza-rzepki-zwichniecie-boczne-przyparcie-niestabilnosc-nrx430-mediroyal\" \/>\n<meta property=\"og:locale\" content=\"pl_PL\" \/>\n<meta property=\"og:type\" content=\"article\" \/>\n<meta property=\"og:title\" content=\"Orteza rzepki NRX430 Mediroyal - ortesis.pl\" \/>\n<meta property=\"og:description\" content=\"Aby dobra\u0107 odpowiedni rozmiar, zmierz obw\u00f3d kolana na wysoko\u015bci \u015brodka rzepki.      Rozmiar Obw\u00f3d kolana na wysoko\u015bci rzepki     XS 29\u201332 cm   S 32\u201335 cm   M 35\u201338 cm   L 38\u201342 cm   XL 42\u201346 cm   XXL 46\u201350 cm\" \/>\n<meta property=\"og:url\" content=\"https:\/\/ortesis.pl\/?product=orteza-rzepki-zwichniecie-boczne-przyparcie-niestabilnosc-nrx430-mediroyal\" \/>\n<meta property=\"og:site_name\" content=\"ortesis.pl\" \/>\n<meta property=\"article:modified_time\" content=\"2026-01-06T14:03:04+00:00\" \/>\n<meta property=\"og:image\" content=\"https:\/\/ortesis.pl\/wp-content\/uploads\/2024\/11\/orteza-stabilizujaca-rzepke-po-zwichnieciu.jpg\" \/>\n\t<meta property=\"og:image:width\" content=\"650\" \/>\n\t<meta property=\"og:image:height\" content=\"650\" \/>\n\t<meta property=\"og:image:type\" content=\"image\/jpeg\" \/>\n<meta name=\"twitter:card\" content=\"summary_large_image\" \/>\n<meta name=\"twitter:label1\" content=\"Szacowany czas czytania\" \/>\n\t<meta name=\"twitter:data1\" content=\"3 minuty\" \/>\n<script type=\"application\/ld+json\" class=\"yoast-schema-graph\">{\"@context\":\"https:\\\/\\\/schema.org\",\"@graph\":[{\"@type\":\"WebPage\",\"@id\":\"https:\\\/\\\/ortesis.pl\\\/?product=orteza-rzepki-zwichniecie-boczne-przyparcie-niestabilnosc-nrx430-mediroyal\",\"url\":\"https:\\\/\\\/ortesis.pl\\\/?product=orteza-rzepki-zwichniecie-boczne-przyparcie-niestabilnosc-nrx430-mediroyal\",\"name\":\"Orteza rzepki NRX430 Mediroyal - ortesis.pl\",\"isPartOf\":{\"@id\":\"https:\\\/\\\/ortesis.pl\\\/#website\"},\"primaryImageOfPage\":{\"@id\":\"https:\\\/\\\/ortesis.pl\\\/?product=orteza-rzepki-zwichniecie-boczne-przyparcie-niestabilnosc-nrx430-mediroyal#primaryimage\"},\"image\":{\"@id\":\"https:\\\/\\\/ortesis.pl\\\/?product=orteza-rzepki-zwichniecie-boczne-przyparcie-niestabilnosc-nrx430-mediroyal#primaryimage\"},\"thumbnailUrl\":\"https:\\\/\\\/ortesis.pl\\\/wp-content\\\/uploads\\\/2024\\\/11\\\/orteza-stabilizujaca-rzepke-po-zwichnieciu.jpg\",\"datePublished\":\"2024-11-12T19:38:12+00:00\",\"dateModified\":\"2026-01-06T14:03:04+00:00\",\"breadcrumb\":{\"@id\":\"https:\\\/\\\/ortesis.pl\\\/?product=orteza-rzepki-zwichniecie-boczne-przyparcie-niestabilnosc-nrx430-mediroyal#breadcrumb\"},\"inLanguage\":\"pl-PL\",\"potentialAction\":[{\"@type\":\"ReadAction\",\"target\":[\"https:\\\/\\\/ortesis.pl\\\/?product=orteza-rzepki-zwichniecie-boczne-przyparcie-niestabilnosc-nrx430-mediroyal\"]}]},{\"@type\":\"ImageObject\",\"inLanguage\":\"pl-PL\",\"@id\":\"https:\\\/\\\/ortesis.pl\\\/?product=orteza-rzepki-zwichniecie-boczne-przyparcie-niestabilnosc-nrx430-mediroyal#primaryimage\",\"url\":\"https:\\\/\\\/ortesis.pl\\\/wp-content\\\/uploads\\\/2024\\\/11\\\/orteza-stabilizujaca-rzepke-po-zwichnieciu.jpg\",\"contentUrl\":\"https:\\\/\\\/ortesis.pl\\\/wp-content\\\/uploads\\\/2024\\\/11\\\/orteza-stabilizujaca-rzepke-po-zwichnieciu.jpg\",\"width\":650,\"height\":650},{\"@type\":\"BreadcrumbList\",\"@id\":\"https:\\\/\\\/ortesis.pl\\\/?product=orteza-rzepki-zwichniecie-boczne-przyparcie-niestabilnosc-nrx430-mediroyal#breadcrumb\",\"itemListElement\":[{\"@type\":\"ListItem\",\"position\":1,\"name\":\"Strona g\u0142\u00f3wna\",\"item\":\"https:\\\/\\\/ortesis.pl\\\/\"},{\"@type\":\"ListItem\",\"position\":2,\"name\":\"Sklep\",\"item\":\"https:\\\/\\\/ortesis.pl\\\/?page_id=977\"},{\"@type\":\"ListItem\",\"position\":3,\"name\":\"Orteza rzepki NRX430 Mediroyal\"}]},{\"@type\":\"WebSite\",\"@id\":\"https:\\\/\\\/ortesis.pl\\\/#website\",\"url\":\"https:\\\/\\\/ortesis.pl\\\/\",\"name\":\"ortesis.pl\",\"description\":\"Sklep z zaopatrzeniem ortopedycznym, artyku\u0142ami medycznymi i suplementami\",\"publisher\":{\"@id\":\"https:\\\/\\\/ortesis.pl\\\/#organization\"},\"potentialAction\":[{\"@type\":\"SearchAction\",\"target\":{\"@type\":\"EntryPoint\",\"urlTemplate\":\"https:\\\/\\\/ortesis.pl\\\/?s={search_term_string}\"},\"query-input\":{\"@type\":\"PropertyValueSpecification\",\"valueRequired\":true,\"valueName\":\"search_term_string\"}}],\"inLanguage\":\"pl-PL\"},{\"@type\":\"Organization\",\"@id\":\"https:\\\/\\\/ortesis.pl\\\/#organization\",\"name\":\"ortesis.pl\",\"url\":\"https:\\\/\\\/ortesis.pl\\\/\",\"logo\":{\"@type\":\"ImageObject\",\"inLanguage\":\"pl-PL\",\"@id\":\"https:\\\/\\\/ortesis.pl\\\/#\\\/schema\\\/logo\\\/image\\\/\",\"url\":\"https:\\\/\\\/ortesis.pl\\\/wp-content\\\/uploads\\\/2022\\\/08\\\/cropped-We-live-free.-1.png\",\"contentUrl\":\"https:\\\/\\\/ortesis.pl\\\/wp-content\\\/uploads\\\/2022\\\/08\\\/cropped-We-live-free.-1.png\",\"width\":180,\"height\":60,\"caption\":\"ortesis.pl\"},\"image\":{\"@id\":\"https:\\\/\\\/ortesis.pl\\\/#\\\/schema\\\/logo\\\/image\\\/\"}}]}<\/script>\n<!-- \/ Yoast SEO plugin. -->","yoast_head_json":{"title":"Orteza rzepki NRX430 Mediroyal - ortesis.pl","robots":{"index":"index","follow":"follow","max-snippet":"max-snippet:-1","max-image-preview":"max-image-preview:large","max-video-preview":"max-video-preview:-1"},"canonical":"https:\/\/ortesis.pl\/?product=orteza-rzepki-zwichniecie-boczne-przyparcie-niestabilnosc-nrx430-mediroyal","og_locale":"pl_PL","og_type":"article","og_title":"Orteza rzepki NRX430 Mediroyal - ortesis.pl","og_description":"Aby dobra\u0107 odpowiedni rozmiar, zmierz obw\u00f3d kolana na wysoko\u015bci \u015brodka rzepki.      Rozmiar Obw\u00f3d kolana na wysoko\u015bci rzepki     XS 29\u201332 cm   S 32\u201335 cm   M 35\u201338 cm   L 38\u201342 cm   XL 42\u201346 cm   XXL 46\u201350 cm","og_url":"https:\/\/ortesis.pl\/?product=orteza-rzepki-zwichniecie-boczne-przyparcie-niestabilnosc-nrx430-mediroyal","og_site_name":"ortesis.pl","article_modified_time":"2026-01-06T14:03:04+00:00","og_image":[{"width":650,"height":650,"url":"https:\/\/ortesis.pl\/wp-content\/uploads\/2024\/11\/orteza-stabilizujaca-rzepke-po-zwichnieciu.jpg","type":"image\/jpeg"}],"twitter_card":"summary_large_image","twitter_misc":{"Szacowany czas czytania":"3 minuty"},"schema":{"@context":"https:\/\/schema.org","@graph":[{"@type":"WebPage","@id":"https:\/\/ortesis.pl\/?product=orteza-rzepki-zwichniecie-boczne-przyparcie-niestabilnosc-nrx430-mediroyal","url":"https:\/\/ortesis.pl\/?product=orteza-rzepki-zwichniecie-boczne-przyparcie-niestabilnosc-nrx430-mediroyal","name":"Orteza rzepki NRX430 Mediroyal - ortesis.pl","isPartOf":{"@id":"https:\/\/ortesis.pl\/#website"},"primaryImageOfPage":{"@id":"https:\/\/ortesis.pl\/?product=orteza-rzepki-zwichniecie-boczne-przyparcie-niestabilnosc-nrx430-mediroyal#primaryimage"},"image":{"@id":"https:\/\/ortesis.pl\/?product=orteza-rzepki-zwichniecie-boczne-przyparcie-niestabilnosc-nrx430-mediroyal#primaryimage"},"thumbnailUrl":"https:\/\/ortesis.pl\/wp-content\/uploads\/2024\/11\/orteza-stabilizujaca-rzepke-po-zwichnieciu.jpg","datePublished":"2024-11-12T19:38:12+00:00","dateModified":"2026-01-06T14:03:04+00:00","breadcrumb":{"@id":"https:\/\/ortesis.pl\/?product=orteza-rzepki-zwichniecie-boczne-przyparcie-niestabilnosc-nrx430-mediroyal#breadcrumb"},"inLanguage":"pl-PL","potentialAction":[{"@type":"ReadAction","target":["https:\/\/ortesis.pl\/?product=orteza-rzepki-zwichniecie-boczne-przyparcie-niestabilnosc-nrx430-mediroyal"]}]},{"@type":"ImageObject","inLanguage":"pl-PL","@id":"https:\/\/ortesis.pl\/?product=orteza-rzepki-zwichniecie-boczne-przyparcie-niestabilnosc-nrx430-mediroyal#primaryimage","url":"https:\/\/ortesis.pl\/wp-content\/uploads\/2024\/11\/orteza-stabilizujaca-rzepke-po-zwichnieciu.jpg","contentUrl":"https:\/\/ortesis.pl\/wp-content\/uploads\/2024\/11\/orteza-stabilizujaca-rzepke-po-zwichnieciu.jpg","width":650,"height":650},{"@type":"BreadcrumbList","@id":"https:\/\/ortesis.pl\/?product=orteza-rzepki-zwichniecie-boczne-przyparcie-niestabilnosc-nrx430-mediroyal#breadcrumb","itemListElement":[{"@type":"ListItem","position":1,"name":"Strona g\u0142\u00f3wna","item":"https:\/\/ortesis.pl\/"},{"@type":"ListItem","position":2,"name":"Sklep","item":"https:\/\/ortesis.pl\/?page_id=977"},{"@type":"ListItem","position":3,"name":"Orteza rzepki NRX430 Mediroyal"}]},{"@type":"WebSite","@id":"https:\/\/ortesis.pl\/#website","url":"https:\/\/ortesis.pl\/","name":"ortesis.pl","description":"Sklep z zaopatrzeniem ortopedycznym, artyku\u0142ami medycznymi i suplementami","publisher":{"@id":"https:\/\/ortesis.pl\/#organization"},"potentialAction":[{"@type":"SearchAction","target":{"@type":"EntryPoint","urlTemplate":"https:\/\/ortesis.pl\/?s={search_term_string}"},"query-input":{"@type":"PropertyValueSpecification","valueRequired":true,"valueName":"search_term_string"}}],"inLanguage":"pl-PL"},{"@type":"Organization","@id":"https:\/\/ortesis.pl\/#organization","name":"ortesis.pl","url":"https:\/\/ortesis.pl\/","logo":{"@type":"ImageObject","inLanguage":"pl-PL","@id":"https:\/\/ortesis.pl\/#\/schema\/logo\/image\/","url":"https:\/\/ortesis.pl\/wp-content\/uploads\/2022\/08\/cropped-We-live-free.-1.png","contentUrl":"https:\/\/ortesis.pl\/wp-content\/uploads\/2022\/08\/cropped-We-live-free.-1.png","width":180,"height":60,"caption":"ortesis.pl"},"image":{"@id":"https:\/\/ortesis.pl\/#\/schema\/logo\/image\/"}}]}},"_links":{"self":[{"href":"https:\/\/ortesis.pl\/index.php?rest_route=\/wp\/v2\/product\/1923","targetHints":{"allow":["GET"]}}],"collection":[{"href":"https:\/\/ortesis.pl\/index.php?rest_route=\/wp\/v2\/product"}],"about":[{"href":"https:\/\/ortesis.pl\/index.php?rest_route=\/wp\/v2\/types\/product"}],"version-history":[{"count":6,"href":"https:\/\/ortesis.pl\/index.php?rest_route=\/wp\/v2\/product\/1923\/revisions"}],"predecessor-version":[{"id":2432,"href":"https:\/\/ortesis.pl\/index.php?rest_route=\/wp\/v2\/product\/1923\/revisions\/2432"}],"wp:featuredmedia":[{"embeddable":true,"href":"https:\/\/ortesis.pl\/index.php?rest_route=\/wp\/v2\/media\/1927"}],"wp:attachment":[{"href":"https:\/\/ortesis.pl\/index.php?rest_route=%2Fwp%2Fv2%2Fmedia&parent=1923"}],"wp:term":[{"taxonomy":"product_brand","embeddable":true,"href":"https:\/\/ortesis.pl\/index.php?rest_route=%2Fwp%2Fv2%2Fproduct_brand&post=1923"},{"taxonomy":"product_cat","embeddable":true,"href":"https:\/\/ortesis.pl\/index.php?rest_route=%2Fwp%2Fv2%2Fproduct_cat&post=1923"},{"taxonomy":"product_tag","embeddable":true,"href":"https:\/\/ortesis.pl\/index.php?rest_route=%2Fwp%2Fv2%2Fproduct_tag&post=1923"}],"curies":[{"name":"wp","href":"https:\/\/api.w.org\/{rel}","templated":true}]}}