{"id":1817,"date":"2024-10-20T22:33:52","date_gmt":"2024-10-20T20:33:52","guid":{"rendered":"https:\/\/ortesis.pl\/?post_type=product&#038;p=1817"},"modified":"2025-12-10T07:39:17","modified_gmt":"2025-12-10T06:39:17","slug":"opaska-kompresyjna-na-kolano-skoczka-ps3","status":"publish","type":"product","link":"https:\/\/ortesis.pl\/?product=opaska-kompresyjna-na-kolano-skoczka-ps3","title":{"rendered":"Opaska kompresyjna na kolano skoczka PS3"},"content":{"rendered":"<p>Opaska kompresuj\u0105ca PS3 stanowi bardzo wygodne w noszeniu i u\u017cytkowaniu wsparcie ortopedyczne w zespole kolana skoczka. Zastosowanie 3 stref kompresji (przechodz\u0105 stopniowo z umiarkowanej do silnej) powoduje lepszy przep\u0142yw krwi do i z uszkodzonych stref, co znacznie przyspiesza rekonwalescencj\u0119. Opaska kompresyjna na kolano skoczka PS3<br \/>\nProdukt sprzedawany\u00a0<strong>pojedynczo<\/strong>.<\/p>\n<table align=\"center\">\n<tbody>\n<tr>\n<td>Rozmiar<\/td>\n<td>Obw\u00f3d pod rzepk\u0105 [cm]<\/td>\n<td rowspan=\"5\"><\/td>\n<\/tr>\n<tr>\n<td>S<\/td>\n<td>23-33<\/td>\n<\/tr>\n<tr>\n<td>M<\/td>\n<td>28-40<\/td>\n<\/tr>\n<tr>\n<td>L<\/td>\n<td>33-45<\/td>\n<\/tr>\n<tr>\n<td>XL<\/td>\n<td>40-52<\/td>\n<\/tr>\n<\/tbody>\n<\/table>\n<h4><\/h4>\n<section class=\"elementor-section elementor-top-section elementor-element elementor-element-cc3a8bd elementor-section-boxed elementor-section-height-default elementor-section-height-default\" data-id=\"cc3a8bd\" data-element_type=\"section\">\n<div class=\"elementor-container elementor-column-gap-default\">\n<div class=\"elementor-row\">\n<div class=\"elementor-column elementor-col-100 elementor-top-column elementor-element elementor-element-a5d8a60\" data-id=\"a5d8a60\" data-element_type=\"column\">\n<div class=\"elementor-column-wrap elementor-element-populated\">\n<div class=\"elementor-widget-wrap\">\n<div class=\"elementor-element elementor-element-d8ea94a elementor-widget elementor-widget-text-editor\" data-id=\"d8ea94a\" data-element_type=\"widget\" data-widget_type=\"text-editor.default\">\n<div class=\"elementor-widget-container\">\n<section class=\"elementor-section elementor-top-section elementor-element elementor-element-cc3a8bd elementor-section-boxed elementor-section-height-default elementor-section-height-default\" data-id=\"cc3a8bd\" data-element_type=\"section\">\n<div class=\"elementor-container elementor-column-gap-default\">\n<div class=\"elementor-row\">\n<div class=\"elementor-column elementor-col-100 elementor-top-column elementor-element elementor-element-a5d8a60\" data-id=\"a5d8a60\" data-element_type=\"column\">\n<div class=\"elementor-column-wrap elementor-element-populated\">\n<div class=\"elementor-widget-wrap\">\n<div class=\"elementor-element elementor-element-d8ea94a elementor-widget elementor-widget-text-editor\" data-id=\"d8ea94a\" data-element_type=\"widget\" data-widget_type=\"text-editor.default\">\n<div class=\"elementor-widget-container\">\n<div class=\"elementor-text-editor elementor-clearfix\">\n<section class=\"elementor-section elementor-top-section elementor-element elementor-element-afa9a85 elementor-section-boxed elementor-section-height-default elementor-section-height-default\" data-id=\"afa9a85\" data-element_type=\"section\">\n<div class=\"elementor-container elementor-column-gap-default\">\n<div class=\"elementor-row\">\n<div class=\"elementor-column elementor-col-50 elementor-top-column elementor-element elementor-element-b002ab7\" data-id=\"b002ab7\" data-element_type=\"column\">\n<div class=\"elementor-column-wrap elementor-element-populated\">\n<div class=\"elementor-widget-wrap\">\n<div class=\"elementor-element elementor-element-af8067d elementor-widget elementor-widget-text-editor\" data-id=\"af8067d\" data-element_type=\"widget\" data-widget_type=\"text-editor.default\">\n<div class=\"elementor-widget-container\">\n<div class=\"elementor-text-editor elementor-clearfix\">\n<ul>\n<li>\n<section class=\"elementor-section elementor-top-section elementor-element elementor-element-cc3a8bd elementor-section-boxed elementor-section-height-default elementor-section-height-default\" data-id=\"cc3a8bd\" data-element_type=\"section\">\n<div class=\"elementor-container elementor-column-gap-default\">\n<div class=\"elementor-row\">\n<div class=\"elementor-column elementor-col-100 elementor-top-column elementor-element elementor-element-a5d8a60\" data-id=\"a5d8a60\" data-element_type=\"column\">\n<div class=\"elementor-column-wrap elementor-element-populated\">\n<div class=\"elementor-widget-wrap\">\n<div class=\"elementor-element elementor-element-66d5c66 elementor-widget elementor-widget-text-editor\" data-id=\"66d5c66\" data-element_type=\"widget\" data-widget_type=\"text-editor.default\">\n<div class=\"elementor-widget-container\">\n<div class=\"elementor-text-editor elementor-clearfix\">\n<p>\u00a0Opaska kompresuj\u0105ca PS3 stanowi bardzo wygodne w noszeniu i u\u017cytkowaniu wsparcie ortopedyczne w zespole kolana skoczka. Zastosowanie 3 stref kompresji (przechodz\u0105 stopniowo z umiarkowanej do silnej) powoduje lepszy przep\u0142yw krwi do i z uszkodzonych stref, co znacznie przyspiesza rekonwalescencj\u0119.<\/p>\n<\/div>\n<\/div>\n<\/div>\n<div class=\"elementor-element elementor-element-101ee5c elementor-widget elementor-widget-heading\" data-id=\"101ee5c\" data-element_type=\"widget\" data-widget_type=\"heading.default\">\n<div class=\"elementor-widget-container\"><\/div>\n<\/div>\n<div class=\"elementor-element elementor-element-d8ea94a elementor-widget elementor-widget-text-editor\" data-id=\"d8ea94a\" data-element_type=\"widget\" data-widget_type=\"text-editor.default\">\n<div class=\"elementor-widget-container\">\n<div class=\"elementor-text-editor elementor-clearfix\">\n<h4>W opask\u0119 PS3 wbudowano 3 strefy kompresji, kt\u00f3re wspieraj\u0105 struktury stawu i zwi\u0119kszaj\u0105 przep\u0142yw krwi potrzebny do szybszej regeneracji.<\/h4>\n<\/div>\n<\/div>\n<\/div>\n<\/div>\n<\/div>\n<\/div>\n<\/div>\n<\/div>\n<\/section>\n<section class=\"elementor-section elementor-top-section elementor-element elementor-element-afa9a85 elementor-section-boxed elementor-section-height-default elementor-section-height-default\" data-id=\"afa9a85\" data-element_type=\"section\">\n<div class=\"elementor-container elementor-column-gap-default\">\n<div class=\"elementor-row\">\n<div class=\"elementor-column elementor-col-50 elementor-top-column elementor-element elementor-element-b002ab7\" data-id=\"b002ab7\" data-element_type=\"column\">\n<div class=\"elementor-column-wrap elementor-element-populated\">\n<div class=\"elementor-widget-wrap\">\n<div class=\"elementor-element elementor-element-af8067d elementor-widget elementor-widget-text-editor\" data-id=\"af8067d\" data-element_type=\"widget\" data-widget_type=\"text-editor.default\">\n<div class=\"elementor-widget-container\">\n<div class=\"elementor-text-editor elementor-clearfix\">\n<ul>\n<li><strong>Strefa 1 (10-15 mmHg):<\/strong>\u00a0Delikatna kompresja zapewniaj\u0105ca odpowiednie dopasowanie ale bez nadmiernego ucisku.<\/li>\n<li><strong>Strefa 2 [20-30 mmHg]:<\/strong>\u00a0Strefa du\u017cej kompresji naprzemiennej (gradacyjnej) w celu stabilizacji rzepki.<\/li>\n<li><strong>Strefa 3 [10-15 mmHg]:<\/strong>\u00a0Kompresja zapewniaj\u0105ca utrzymanie opaski w odpowiednim miejscu i zwi\u0119kszon\u0105 elastyczno\u015b\u0107.<\/li>\n<\/ul>\n<\/div>\n<\/div>\n<\/div>\n<\/div>\n<\/div>\n<\/div>\n<\/div>\n<\/div>\n<\/section>\n<p>\u00a0<img fetchpriority=\"high\" decoding=\"async\" class=\"alignnone size-medium wp-image-1822\" src=\"https:\/\/ortesis.pl\/wp-content\/uploads\/2024\/10\/kolano_skoczka_opaka_elastyczna-300x217.jpg\" alt=\"\" width=\"300\" height=\"217\" srcset=\"https:\/\/ortesis.pl\/wp-content\/uploads\/2024\/10\/kolano_skoczka_opaka_elastyczna-300x217.jpg 300w, https:\/\/ortesis.pl\/wp-content\/uploads\/2024\/10\/kolano_skoczka_opaka_elastyczna.jpg 372w\" sizes=\"(max-width: 300px) 100vw, 300px\" \/><\/li>\n<\/ul>\n<\/div>\n<\/div>\n<\/div>\n<\/div>\n<\/div>\n<\/div>\n<\/div>\n<\/div>\n<\/section>\n<\/div>\n<\/div>\n<\/div>\n<\/div>\n<\/div>\n<\/div>\n<\/div>\n<\/div>\n<\/section>\n<\/div>\n<\/div>\n<\/div>\n<\/div>\n<\/div>\n<\/div>\n<\/div>\n<\/section>\n<section class=\"elementor-section elementor-top-section elementor-element elementor-element-afa9a85 elementor-section-boxed elementor-section-height-default elementor-section-height-default\" data-id=\"afa9a85\" data-element_type=\"section\">\n<div class=\"elementor-container elementor-column-gap-default\">\n<div class=\"elementor-row\">\n<div class=\"elementor-column elementor-col-50 elementor-top-column elementor-element elementor-element-b002ab7\" data-id=\"b002ab7\" data-element_type=\"column\">\n<div class=\"elementor-column-wrap elementor-element-populated\">\n<div class=\"elementor-widget-wrap\">\n<div class=\"elementor-element elementor-element-af8067d elementor-widget elementor-widget-text-editor\" data-id=\"af8067d\" data-element_type=\"widget\" data-widget_type=\"text-editor.default\">\n<div class=\"elementor-widget-container\"><\/div>\n<\/div>\n<\/div>\n<\/div>\n<\/div>\n<\/div>\n<\/div>\n<\/section>\n","protected":false},"excerpt":{"rendered":"<p><strong>Wskazania :\u00a0<\/strong>kolano skoczka, przeci\u0105\u017cenie wi\u0119zad\u0142a rzepki, choroba m\u0142odego sportowca, choroba osgood schlattera<\/p>\n","protected":false},"featured_media":1824,"template":"","meta":{"site-sidebar-layout":"default","site-content-layout":"default","ast-site-content-layout":"default","site-content-style":"default","site-sidebar-style":"default","ast-global-header-display":"","ast-banner-title-visibility":"","ast-main-header-display":"","ast-hfb-above-header-display":"","ast-hfb-below-header-display":"","ast-hfb-mobile-header-display":"","site-post-title":"","ast-breadcrumbs-content":"","ast-featured-img":"","footer-sml-layout":"","ast-disable-related-posts":"","theme-transparent-header-meta":"default","adv-header-id-meta":"","stick-header-meta":"","header-above-stick-meta":"","header-main-stick-meta":"","header-below-stick-meta":"","astra-migrate-meta-layouts":"set","ast-page-background-enabled":"default","ast-page-background-meta":{"desktop":{"background-color":"var(--ast-global-color-4)","background-image":"","background-repeat":"repeat","background-position":"center center","background-size":"auto","background-attachment":"scroll","background-type":"","background-media":"","overlay-type":"","overlay-color":"","overlay-opacity":"","overlay-gradient":""},"tablet":{"background-color":"","background-image":"","background-repeat":"repeat","background-position":"center center","background-size":"auto","background-attachment":"scroll","background-type":"","background-media":"","overlay-type":"","overlay-color":"","overlay-opacity":"","overlay-gradient":""},"mobile":{"background-color":"","background-image":"","background-repeat":"repeat","background-position":"center center","background-size":"auto","background-attachment":"scroll","background-type":"","background-media":"","overlay-type":"","overlay-color":"","overlay-opacity":"","overlay-gradient":""}},"ast-content-background-meta":{"desktop":{"background-color":"var(--ast-global-color-5)","background-image":"","background-repeat":"repeat","background-position":"center center","background-size":"auto","background-attachment":"scroll","background-type":"","background-media":"","overlay-type":"","overlay-color":"","overlay-opacity":"","overlay-gradient":""},"tablet":{"background-color":"var(--ast-global-color-5)","background-image":"","background-repeat":"repeat","background-position":"center center","background-size":"auto","background-attachment":"scroll","background-type":"","background-media":"","overlay-type":"","overlay-color":"","overlay-opacity":"","overlay-gradient":""},"mobile":{"background-color":"var(--ast-global-color-5)","background-image":"","background-repeat":"repeat","background-position":"center center","background-size":"auto","background-attachment":"scroll","background-type":"","background-media":"","overlay-type":"","overlay-color":"","overlay-opacity":"","overlay-gradient":""}}},"product_brand":[],"product_cat":[27,102,56],"product_tag":[65],"class_list":{"0":"post-1817","1":"product","2":"type-product","3":"status-publish","4":"has-post-thumbnail","6":"product_cat-ortezy-nadgarstka-reki","7":"product_cat-stabilizator","8":"product_cat-stabilizatory-kompresyjne","9":"product_tag-staw-kolanowy","10":"desktop-align-center","11":"tablet-align-left","12":"mobile-align-left","14":"first","15":"instock","16":"sale","17":"taxable","18":"shipping-taxable","19":"purchasable","20":"product-type-variable","21":"has-default-attributes"},"yoast_head":"<!-- This site is optimized with the Yoast SEO plugin v27.4 - https:\/\/yoast.com\/product\/yoast-seo-wordpress\/ -->\n<title>Opaska kompresyjna na kolano skoczka PS3 - ortesis.pl<\/title>\n<meta name=\"robots\" content=\"index, follow, max-snippet:-1, max-image-preview:large, max-video-preview:-1\" \/>\n<link rel=\"canonical\" href=\"https:\/\/ortesis.pl\/?product=opaska-kompresyjna-na-kolano-skoczka-ps3\" \/>\n<meta property=\"og:locale\" content=\"pl_PL\" \/>\n<meta property=\"og:type\" content=\"article\" \/>\n<meta property=\"og:title\" content=\"Opaska kompresyjna na kolano skoczka PS3 - ortesis.pl\" \/>\n<meta property=\"og:description\" content=\"Wskazania :\u00a0kolano skoczka, przeci\u0105\u017cenie wi\u0119zad\u0142a rzepki, choroba m\u0142odego sportowca, choroba osgood schlattera\" \/>\n<meta property=\"og:url\" content=\"https:\/\/ortesis.pl\/?product=opaska-kompresyjna-na-kolano-skoczka-ps3\" \/>\n<meta property=\"og:site_name\" content=\"ortesis.pl\" \/>\n<meta property=\"article:modified_time\" content=\"2025-12-10T06:39:17+00:00\" \/>\n<meta property=\"og:image\" content=\"https:\/\/ortesis.pl\/wp-content\/uploads\/2024\/10\/opaska-elastyczna-kolano-skoczka.png\" \/>\n\t<meta property=\"og:image:width\" content=\"700\" \/>\n\t<meta property=\"og:image:height\" content=\"700\" \/>\n\t<meta property=\"og:image:type\" content=\"image\/png\" \/>\n<meta name=\"twitter:card\" content=\"summary_large_image\" \/>\n<meta name=\"twitter:label1\" content=\"Szacowany czas czytania\" \/>\n\t<meta name=\"twitter:data1\" content=\"2 minuty\" \/>\n<script type=\"application\/ld+json\" class=\"yoast-schema-graph\">{\"@context\":\"https:\\\/\\\/schema.org\",\"@graph\":[{\"@type\":\"WebPage\",\"@id\":\"https:\\\/\\\/ortesis.pl\\\/?product=opaska-kompresyjna-na-kolano-skoczka-ps3\",\"url\":\"https:\\\/\\\/ortesis.pl\\\/?product=opaska-kompresyjna-na-kolano-skoczka-ps3\",\"name\":\"Opaska kompresyjna na kolano skoczka PS3 - ortesis.pl\",\"isPartOf\":{\"@id\":\"https:\\\/\\\/ortesis.pl\\\/#website\"},\"primaryImageOfPage\":{\"@id\":\"https:\\\/\\\/ortesis.pl\\\/?product=opaska-kompresyjna-na-kolano-skoczka-ps3#primaryimage\"},\"image\":{\"@id\":\"https:\\\/\\\/ortesis.pl\\\/?product=opaska-kompresyjna-na-kolano-skoczka-ps3#primaryimage\"},\"thumbnailUrl\":\"https:\\\/\\\/ortesis.pl\\\/wp-content\\\/uploads\\\/2024\\\/10\\\/opaska-elastyczna-kolano-skoczka.png\",\"datePublished\":\"2024-10-20T20:33:52+00:00\",\"dateModified\":\"2025-12-10T06:39:17+00:00\",\"breadcrumb\":{\"@id\":\"https:\\\/\\\/ortesis.pl\\\/?product=opaska-kompresyjna-na-kolano-skoczka-ps3#breadcrumb\"},\"inLanguage\":\"pl-PL\",\"potentialAction\":[{\"@type\":\"ReadAction\",\"target\":[\"https:\\\/\\\/ortesis.pl\\\/?product=opaska-kompresyjna-na-kolano-skoczka-ps3\"]}]},{\"@type\":\"ImageObject\",\"inLanguage\":\"pl-PL\",\"@id\":\"https:\\\/\\\/ortesis.pl\\\/?product=opaska-kompresyjna-na-kolano-skoczka-ps3#primaryimage\",\"url\":\"https:\\\/\\\/ortesis.pl\\\/wp-content\\\/uploads\\\/2024\\\/10\\\/opaska-elastyczna-kolano-skoczka.png\",\"contentUrl\":\"https:\\\/\\\/ortesis.pl\\\/wp-content\\\/uploads\\\/2024\\\/10\\\/opaska-elastyczna-kolano-skoczka.png\",\"width\":700,\"height\":700},{\"@type\":\"BreadcrumbList\",\"@id\":\"https:\\\/\\\/ortesis.pl\\\/?product=opaska-kompresyjna-na-kolano-skoczka-ps3#breadcrumb\",\"itemListElement\":[{\"@type\":\"ListItem\",\"position\":1,\"name\":\"Strona g\u0142\u00f3wna\",\"item\":\"https:\\\/\\\/ortesis.pl\\\/\"},{\"@type\":\"ListItem\",\"position\":2,\"name\":\"Sklep\",\"item\":\"https:\\\/\\\/ortesis.pl\\\/?page_id=977\"},{\"@type\":\"ListItem\",\"position\":3,\"name\":\"Opaska kompresyjna na kolano skoczka PS3\"}]},{\"@type\":\"WebSite\",\"@id\":\"https:\\\/\\\/ortesis.pl\\\/#website\",\"url\":\"https:\\\/\\\/ortesis.pl\\\/\",\"name\":\"ortesis.pl\",\"description\":\"Sklep z zaopatrzeniem ortopedycznym, artyku\u0142ami medycznymi i suplementami\",\"publisher\":{\"@id\":\"https:\\\/\\\/ortesis.pl\\\/#organization\"},\"potentialAction\":[{\"@type\":\"SearchAction\",\"target\":{\"@type\":\"EntryPoint\",\"urlTemplate\":\"https:\\\/\\\/ortesis.pl\\\/?s={search_term_string}\"},\"query-input\":{\"@type\":\"PropertyValueSpecification\",\"valueRequired\":true,\"valueName\":\"search_term_string\"}}],\"inLanguage\":\"pl-PL\"},{\"@type\":\"Organization\",\"@id\":\"https:\\\/\\\/ortesis.pl\\\/#organization\",\"name\":\"ortesis.pl\",\"url\":\"https:\\\/\\\/ortesis.pl\\\/\",\"logo\":{\"@type\":\"ImageObject\",\"inLanguage\":\"pl-PL\",\"@id\":\"https:\\\/\\\/ortesis.pl\\\/#\\\/schema\\\/logo\\\/image\\\/\",\"url\":\"https:\\\/\\\/ortesis.pl\\\/wp-content\\\/uploads\\\/2022\\\/08\\\/cropped-We-live-free.-1.png\",\"contentUrl\":\"https:\\\/\\\/ortesis.pl\\\/wp-content\\\/uploads\\\/2022\\\/08\\\/cropped-We-live-free.-1.png\",\"width\":180,\"height\":60,\"caption\":\"ortesis.pl\"},\"image\":{\"@id\":\"https:\\\/\\\/ortesis.pl\\\/#\\\/schema\\\/logo\\\/image\\\/\"}}]}<\/script>\n<!-- \/ Yoast SEO plugin. -->","yoast_head_json":{"title":"Opaska kompresyjna na kolano skoczka PS3 - ortesis.pl","robots":{"index":"index","follow":"follow","max-snippet":"max-snippet:-1","max-image-preview":"max-image-preview:large","max-video-preview":"max-video-preview:-1"},"canonical":"https:\/\/ortesis.pl\/?product=opaska-kompresyjna-na-kolano-skoczka-ps3","og_locale":"pl_PL","og_type":"article","og_title":"Opaska kompresyjna na kolano skoczka PS3 - ortesis.pl","og_description":"Wskazania :\u00a0kolano skoczka, przeci\u0105\u017cenie wi\u0119zad\u0142a rzepki, choroba m\u0142odego sportowca, choroba osgood schlattera","og_url":"https:\/\/ortesis.pl\/?product=opaska-kompresyjna-na-kolano-skoczka-ps3","og_site_name":"ortesis.pl","article_modified_time":"2025-12-10T06:39:17+00:00","og_image":[{"width":700,"height":700,"url":"https:\/\/ortesis.pl\/wp-content\/uploads\/2024\/10\/opaska-elastyczna-kolano-skoczka.png","type":"image\/png"}],"twitter_card":"summary_large_image","twitter_misc":{"Szacowany czas czytania":"2 minuty"},"schema":{"@context":"https:\/\/schema.org","@graph":[{"@type":"WebPage","@id":"https:\/\/ortesis.pl\/?product=opaska-kompresyjna-na-kolano-skoczka-ps3","url":"https:\/\/ortesis.pl\/?product=opaska-kompresyjna-na-kolano-skoczka-ps3","name":"Opaska kompresyjna na kolano skoczka PS3 - ortesis.pl","isPartOf":{"@id":"https:\/\/ortesis.pl\/#website"},"primaryImageOfPage":{"@id":"https:\/\/ortesis.pl\/?product=opaska-kompresyjna-na-kolano-skoczka-ps3#primaryimage"},"image":{"@id":"https:\/\/ortesis.pl\/?product=opaska-kompresyjna-na-kolano-skoczka-ps3#primaryimage"},"thumbnailUrl":"https:\/\/ortesis.pl\/wp-content\/uploads\/2024\/10\/opaska-elastyczna-kolano-skoczka.png","datePublished":"2024-10-20T20:33:52+00:00","dateModified":"2025-12-10T06:39:17+00:00","breadcrumb":{"@id":"https:\/\/ortesis.pl\/?product=opaska-kompresyjna-na-kolano-skoczka-ps3#breadcrumb"},"inLanguage":"pl-PL","potentialAction":[{"@type":"ReadAction","target":["https:\/\/ortesis.pl\/?product=opaska-kompresyjna-na-kolano-skoczka-ps3"]}]},{"@type":"ImageObject","inLanguage":"pl-PL","@id":"https:\/\/ortesis.pl\/?product=opaska-kompresyjna-na-kolano-skoczka-ps3#primaryimage","url":"https:\/\/ortesis.pl\/wp-content\/uploads\/2024\/10\/opaska-elastyczna-kolano-skoczka.png","contentUrl":"https:\/\/ortesis.pl\/wp-content\/uploads\/2024\/10\/opaska-elastyczna-kolano-skoczka.png","width":700,"height":700},{"@type":"BreadcrumbList","@id":"https:\/\/ortesis.pl\/?product=opaska-kompresyjna-na-kolano-skoczka-ps3#breadcrumb","itemListElement":[{"@type":"ListItem","position":1,"name":"Strona g\u0142\u00f3wna","item":"https:\/\/ortesis.pl\/"},{"@type":"ListItem","position":2,"name":"Sklep","item":"https:\/\/ortesis.pl\/?page_id=977"},{"@type":"ListItem","position":3,"name":"Opaska kompresyjna na kolano skoczka PS3"}]},{"@type":"WebSite","@id":"https:\/\/ortesis.pl\/#website","url":"https:\/\/ortesis.pl\/","name":"ortesis.pl","description":"Sklep z zaopatrzeniem ortopedycznym, artyku\u0142ami medycznymi i suplementami","publisher":{"@id":"https:\/\/ortesis.pl\/#organization"},"potentialAction":[{"@type":"SearchAction","target":{"@type":"EntryPoint","urlTemplate":"https:\/\/ortesis.pl\/?s={search_term_string}"},"query-input":{"@type":"PropertyValueSpecification","valueRequired":true,"valueName":"search_term_string"}}],"inLanguage":"pl-PL"},{"@type":"Organization","@id":"https:\/\/ortesis.pl\/#organization","name":"ortesis.pl","url":"https:\/\/ortesis.pl\/","logo":{"@type":"ImageObject","inLanguage":"pl-PL","@id":"https:\/\/ortesis.pl\/#\/schema\/logo\/image\/","url":"https:\/\/ortesis.pl\/wp-content\/uploads\/2022\/08\/cropped-We-live-free.-1.png","contentUrl":"https:\/\/ortesis.pl\/wp-content\/uploads\/2022\/08\/cropped-We-live-free.-1.png","width":180,"height":60,"caption":"ortesis.pl"},"image":{"@id":"https:\/\/ortesis.pl\/#\/schema\/logo\/image\/"}}]}},"_links":{"self":[{"href":"https:\/\/ortesis.pl\/index.php?rest_route=\/wp\/v2\/product\/1817","targetHints":{"allow":["GET"]}}],"collection":[{"href":"https:\/\/ortesis.pl\/index.php?rest_route=\/wp\/v2\/product"}],"about":[{"href":"https:\/\/ortesis.pl\/index.php?rest_route=\/wp\/v2\/types\/product"}],"version-history":[{"count":1,"href":"https:\/\/ortesis.pl\/index.php?rest_route=\/wp\/v2\/product\/1817\/revisions"}],"predecessor-version":[{"id":1823,"href":"https:\/\/ortesis.pl\/index.php?rest_route=\/wp\/v2\/product\/1817\/revisions\/1823"}],"wp:featuredmedia":[{"embeddable":true,"href":"https:\/\/ortesis.pl\/index.php?rest_route=\/wp\/v2\/media\/1824"}],"wp:attachment":[{"href":"https:\/\/ortesis.pl\/index.php?rest_route=%2Fwp%2Fv2%2Fmedia&parent=1817"}],"wp:term":[{"taxonomy":"product_brand","embeddable":true,"href":"https:\/\/ortesis.pl\/index.php?rest_route=%2Fwp%2Fv2%2Fproduct_brand&post=1817"},{"taxonomy":"product_cat","embeddable":true,"href":"https:\/\/ortesis.pl\/index.php?rest_route=%2Fwp%2Fv2%2Fproduct_cat&post=1817"},{"taxonomy":"product_tag","embeddable":true,"href":"https:\/\/ortesis.pl\/index.php?rest_route=%2Fwp%2Fv2%2Fproduct_tag&post=1817"}],"curies":[{"name":"wp","href":"https:\/\/api.w.org\/{rel}","templated":true}]}}